 3902, 0 = -o - 4*b + 8985. Suppose -24*l + o = -9715. Is l a prime number?
False
Suppose 0 = -x - 3*j + 118106, -3*j + 258887 - 731326 = -4*x. Is x a prime number?
False
Suppose 4*i - 5*n - 243975 = 0, -284210 + 101262 = -3*i - n. Is i a prime number?
False
Let h(c) = -6*c**3 + 3*c**2 - 13*c - 9. Let g = 515 + -526. Is h(g) a prime number?
False
Let b(g) = g**3 + 8*g**2 - 2*g - 13. Let k be b(-8). Suppose -k*m + 5*c - 1174 - 207 = 0, -m - 5*c = 427. Let a = m - -867. Is a a composite number?
True
Suppose -4*g = 2*o - 3 - 21, 2*o - 2*g = 0. Suppose -o*s + 58444 = -30100. Suppose 7*l - s = -l. Is l composite?
False
Let q(c) = 2*c - 16. Let g be q(10). Let u be (g/20)/(2/20). Suppose 3*r - 475 = 4*m - 1982, -1510 = -4*m + u*r. Is m a prime number?
True
Suppose 5*y - 147 = 2*h, 4*y + 0*h - 114 = -2*h. Let v = 35 - y. Let b(z) = 3*z**3 - 6*z**2 + 4*z + 10. Is b(v) a prime number?
False
Let z(o) be the third derivative of 2*o**5/15 + 7*o**4/24 + o**3/2 - 5*o**2 - 2. Is z(-10) a composite number?
False
Let s(o) = -1410*o**2 + 24*o + 35. Let v(z) = 2822*z**2 - 49*z - 71. Let m(r) = -9*s(r) - 4*v(r). Is m(-2) a prime number?
False
Suppose 251 = 2*b - 51. Suppose 0 = -4*r - b - 77. Let l = r - -326. Is l composite?
False
Let b be -5 + 8459/44 + (-2)/8. Let f = 400 + b. Is f composite?
False
Suppose -3*a - s = -6*a + 2, -2*a - 4 = 2*s. Let z be a/2 + 0 + 4445 + -2. Let b = 6392 - z. Is b prime?
True
Suppose -2*l = -z - 9, -11*z + 6*z = l - 32. Is -3 + l - (0 + -26083 + -6) composite?
True
Suppose -23 = -2*f + 3. Let a(p) = -p**3 + 14*p**2 - 14*p + 4. Let r be a(f). Is 317/(3/r*-3) prime?
True
Let z be (-36)/(-90) + 29086/10. Let p = z - -120. Is p a composite number?
True
Let q(h) = h**3 + 4*h**2. Let z(r) = 3*r**3 + 13*r**2 - r - 3. Let t(v) = 11*q(v) - 4*z(v). Let c(k) = -k**2 - 6*k - 4. Let w be c(-7). Is t(w) a prime number?
True
Suppose 8*x = 12*x + 5*p - 12457238, 3114311 = x + 2*p. Is x prime?
False
Suppose 7*q - 356 + 1343 = 0. Is (q/(-94))/((-3)/(-7022)) a prime number?
True
Suppose 2*v - 203 = -193. Suppose v = -l, h - 4*l - 246 = l. Is h a prime number?
False
Let c = 289256 + -141259. Is c composite?
False
Let y = 539131 + -296354. Is y a prime number?
False
Let x be 2/((-12)/14)*-6. Suppose 0 = -6*o + x*o - 160. Suppose -2*l + 8 = 0, 4*l - 512 = -4*w - o. Is w composite?
True
Let r be -4 - (0 + -5) - -1. Suppose u + 0 - r = 0, 0 = -l - 5*u + 104. Let t = l - 41. Is t composite?
False
Let h = -154820 - -234097. Is h prime?
False
Let s be (-20)/(-2)*(-38)/(-95). Suppose -9949 = -5*u - 2*q, -q = s*q + 15. Is u a composite number?
True
Let t(f) = -f**3 - 11*f**2 + 11*f - 6. Let d be t(-12). Let c(o) = 26*o**3 - 2*o**2 - 2*o - 1. Let n be c(-1). Is 716/d*n/(-18) prime?
True
Let q = 5 - 0. Let h be (432/(-756))/((-6)/21). Suppose 16 = 4*i, 0 = -3*a - h*i + q*i + 543. Is a prime?
False
Suppose -2 = -c, -2*v + 28349 = -2*c - 15749. Is v composite?
False
Let f = -146 - -155. Suppose o = f*o - 63208. Is o a prime number?
True
Suppose -5*a - w + 249540 = 0, 14*w - 16*w + 149717 = 3*a. Is a a prime number?
False
Suppose -y + 3*s = 860, 4*y + 1836 + 1583 = 5*s. Suppose -m - 56 + 466 = 0. Let d = m - y. Is d prime?
False
Let i(l) = 3*l + 15. Let s be i(-12). Let n be 3 - ((-1983)/s - (-20)/35). Let b = n - -207. Is b a prime number?
False
Suppose x = 5*b - x - 18, 4*b = -5*x + 21. Let n be -2 + 310 - b - 0. Suppose -u = q - 0*u - n, 3*q - 4*u = 933. Is q composite?
False
Let s be (-23 - (-9)/3)*(-1)/4. Suppose 0 = s*t - 7*t. Suppose 3*h + 9119 = 4*o + 3682, 3*h + 9 = t. Is o prime?
False
Suppose -33744 = -19*o - 0*o. Suppose -3*j + o + 617 = 2*w, 2*j = w + 1600. Is j composite?
True
Suppose -3*t = -6*t + 12. Suppose 0 = -4*g - t*m + 13080, -3*g + 4*m = -12528 + 2683. Let p = g + -1038. Is p a composite number?
False
Suppose 0 = -2*f - 10935 - 10121. Let h(r) = -18*r + 18. Let w be h(1). Is 8/(-10) + w + f/(-160) a composite number?
True
Suppose 47313 = -9*y + 12*y. Suppose 26*l - y = 5*l. Is l a composite number?
False
Let b = -2033 + 6086. Let x = -1934 + b. Suppose -2*r - 717 = -x. Is r a prime number?
True
Let u(k) = 5034*k - 9. Let i be u(4). Let f = -5712 + i. Let g = f + -8062. Is g a prime number?
True
Suppose -5*q - 34*o + 38*o = -1665817, -2*q + 666373 = 5*o. Is q a composite number?
True
Let r be 18/90 + (-24)/(-5). Suppose -3*y = 5*j - 31, 6*y - y - r = j. Suppose j*w = -1372 + 4277. Is w prime?
False
Suppose -5*q - 3*k + 149624 = 0, 2*q = -k + 25117 + 34732. Is q composite?
True
Let r be (5/(-2))/((-1)/2). Suppose -2*q - q + 3*g + 6 = 0, -2*q + 3*g + 4 = 0. Suppose -r*b + 4*k = -k - 105, -5*b + q*k = -105. Is b prime?
False
Let p(y) = 117*y + 6. Let j be p(8). Suppose 6*k - 725 = 5*k. Suppose -j = -o + 5*t, -2*t + k = o - 252. Is o prime?
True
Let z = -243 + 245. Suppose 4*q + 2*x = 3280, z*q + 3*x = -2*x + 1632. Is q a prime number?
True
Suppose o - 28 + 75 = 0. Let j = -38 - o. Suppose -93 = j*k - 10*k. Is k composite?
True
Let r = -327 - -397. Suppose -77*u + 83783 = -r*u. Is u composite?
False
Let j(a) = 9*a**2 - 16*a. Let i(y) = -y**3 - 3*y**2 - 4*y - 7. Let h be i(-3). Suppose -w = 4*b + 7, 0*b = -w - h*b - 7. Is j(w) prime?
False
Let v = -831 - -38. Let l = -476 - v. Is l prime?
True
Let s(h) = 32*h**2 - 3*h - 201. Let x be s(-14). Suppose 0 = -4*t + 515 + x. Is t prime?
True
Let m(t) = t**3 + t**2 - 3*t + 10. Let l be m(3). Suppose l*j - 36*j = 269. Is j a prime number?
True
Suppose 18683014 = 202*m + 6236784. Is m prime?
False
Is -4 + 0 + 18/270*1167015 a prime number?
True
Let d = -3 + 6. Suppose 0 = 9*q - d*q - 786. Is q a composite number?
False
Let b(y) = 5*y**2 + 11*y + 13. Let h be b(11). Suppose -3*p - 5*r = -2142, -3*p + 5*r + 2851 = h. Is p a prime number?
True
Suppose -17 = 16*v - 49. Suppose 0 = 5*n + v*o - 48906 + 847, -n - o = -9610. Is n a composite number?
False
Let i be (2 - 0 - -2) + -2. Suppose i*a - 3*z - 1870 = 0, -2*z + 5518 = 5*a + 862. Is (a/3)/((-24)/(-36)) prime?
False
Is ((-44)/66)/(8/(-1361292)) a prime number?
False
Suppose 0 = -5*h + 15, 6 = 2*y + 2*h + 2*h. Let n(l) = 31*l**3 + 2*l**2 + l + 1. Let k(p) = p**3 - 1. Let z(c) = -2*k(c) - n(c). Is z(y) prime?
True
Let z = -151107 - -71282. Let u = -44448 - z. Is u a prime number?
False
Let j be (-1)/(12/8) - 33/(-9). Suppose -j*d + w + 17 = 0, w = -d - 0*d - 1. Suppose d*m - 862 = 1254. Is m a composite number?
True
Is (65/(-26) - -6)*767812/14 a composite number?
False
Let u(d) = 2*d**2 - 16. Let j be u(-4). Let b(c) = 4*c**2 - 36*c - 39. Is b(j) a prime number?
True
Let z(s) = 19*s**3 - 12*s**2 - 5*s - 27. Let l be z(13). Suppose -9*t + l - 2714 = 0. Is t composite?
True
Suppose -1 + 4 = j, 0 = -2*w + j + 13. Suppose 0 = w*y - 3579 - 19837. Is y composite?
False
Let u = 9798 - -4673. Is u a prime number?
False
Let v(n) = -2743*n**2 + 18*n + 60. Let p(g) = 4115*g**2 - 26*g - 88. Let d(q) = -5*p(q) - 8*v(q). Is d(-3) a prime number?
True
Let k(d) = -27*d**2 - 19*d**2 + 6116*d**3 - 4*d + 3*d - 23*d**2 + 71*d**2. Is k(1) a prime number?
False
Is 3544/12*21/(-56)*(-274 + 6) prime?
False
Suppose 5*g = 971 + 2449. Let d = g - -1523. Is d a prime number?
True
Let m be 42/3*(-90)/35. Is ((-15)/(-2) - -1)*(-7416)/m prime?
False
Is (-239160)/50*(-5)/2 + (1 - 2) a composite number?
True
Let b(s) = 178*s**2 + 122*s - 173. Is b(25) a prime number?
False
Is -52*((-5545)/20 + 12) a composite number?
True
Suppose 45 = 7*y + 10. Suppose -9 = -3*f, y*f + 0 - 180 = -5*u. Suppose -289 = u*g - 34*g. Is g a prime number?
False
Suppose 42*t + 11*t - 7*t - 999074 = 0. Is t prime?
False
Let p be (-1)/(1/(4 + -13130)). Suppose 1845 = 11*s - p. Is s composite?
False
Let t be 30/(-40)*(0 + 40/(-6)). Suppose -2*i = -3*n + 3*i - t, -5*n + 3*i = -13. Suppose n*j + 3514 = 3*s, 3*s - 1079 = j + 2415. Is s a prime number?
True
Let q = 87364 + 638430. Is q prime?
False
Let r be 7221/(-6)*2*1. Let b be -857 + 4 + -10 + 9. Let x = b - r. Is x composite?
False
Suppose 0 = -25*m + 5*m - 3*m + 3848567. Is m a prime number?
True
Is ((-30)/(-18))/((20/980355)/4) composite?
True
Suppose 4*l + 2*h - 23000 = 0, -5*l + 10280 = 4*h - 18467. Suppose -4*p + z + l = -1132, p + 5*z = 1726. Is p a composite number?
False
Let p(k) = 829*k**2 - 176*k + 290. Is p(-17) a composite number?
False
Let g(z) = 58